52?
2, 3, 479, 2579
List the prime factors of 460544189.
7, 53, 177337
List the prime factors of 1796232708.
2, 3, 49895353
List the prime factors of 37841300.
2, 5, 7, 54059
List the prime factors of 3213283714.
2, 503, 3194119
List the prime factors of 36674295.
3, 5, 7, 41, 1217
What are the prime factors of 542162978?
2, 7, 137, 282671
List the prime factors of 284633343.
3, 347, 91141
List the prime factors of 70721326.
2, 13, 17, 43, 61
List the prime factors of 92171400.
2, 3, 5, 149, 1031
List the prime factors of 40419707.
19, 29, 109, 673
List the prime factors of 1355391183.
3, 29, 15579209
List the prime factors of 292672269.
3, 269, 120889
List the prime factors of 44027123.
7, 19, 331031
What are the prime factors of 510434908?
2, 389, 328043
List the prime factors of 3904046106.
2, 3, 97, 937, 7159
List the prime factors of 4269476304.
2, 3, 3294349
List the prime factors of 1735505706.
2, 3, 11, 26295541
What are the prime factors of 31400091?
3, 1511, 2309
List the prime factors of 2556415406.
2, 97, 13177399
List the prime factors of 3004646462.
2, 137, 3253, 3371
List the prime factors of 7249461.
3, 2416487
List the prime factors of 683701770.
2, 3, 5, 22790059
List the prime factors of 71313681.
3, 107, 222161
List the prime factors of 185582013.
3, 17, 257, 14159
What are the prime factors of 507255725?
5, 47, 431707
What are the prime factors of 995919375?
3, 5, 11, 109, 443
What are the prime factors of 96407022?
2, 3, 2273, 7069
List the prime factors of 3007658210.
2, 5, 281, 1070341
What are the prime factors of 2583379083?
3, 1033, 833617
What are the prime factors of 4589853286?
2, 227, 10109809
What are the prime factors of 3092840202?
2, 3, 73, 7061279
List the prime factors of 26270628.
2, 3, 2189219
List the prime factors of 648640626.
2, 3, 108106771
What are the prime factors of 47375138?
2, 2011, 11779
What are the prime factors of 1230316747?
11, 19, 31, 61, 283
What are the prime factors of 2162649414?
2, 3, 360441569
List the prime factors of 613014397.
727, 843211
What are the prime factors of 14583322?
2, 13, 560897
What are the prime factors of 1814219178?
2, 3, 29, 61, 170927
List the prime factors of 3805696047.
3, 1268565349
What are the prime factors of 971178357?
3, 41, 7895759
What are the prime factors of 208013183?
7, 4245167
List the prime factors of 1615349304.
2, 3, 269, 3089
List the prime factors of 225212098.
2, 41, 1487, 1847
List the prime factors of 4882264626.
2, 3, 37, 21992183
List the prime factors of 72638841.
3, 11, 17, 79, 149
What are the prime factors of 564407738?
2, 4457, 63317
List the prime factors of 38871624.
2, 3, 11, 73, 2017
List the prime factors of 1192265484.
2, 3, 173, 574309
List the prime factors of 73890807.
3, 24630269
What are the prime factors of 330028921?
330028921
What are the prime factors of 99701290?
2, 5, 13, 439, 1747
List the prime factors of 1761020239.
11, 160092749
What are the prime factors of 127698507?
3, 23, 37, 16673
What are the prime factors of 365313164?
2, 257, 355363
What are the prime factors of 159020133?
3, 1399, 37889
List the prime factors of 10559586.
2, 3, 227, 7753
List the prime factors of 92121081.
3, 13, 29, 47, 1733
List the prime factors of 129306931.
13, 167, 59561
What are the prime factors of 238986045?
3, 5, 43, 13723
What are the prime factors of 12830272?
2, 7, 13, 2203
What are the prime factors of 1723475358?
2, 3, 11, 791311
List the prime factors of 6952102.
2, 227, 15313
List the prime factors of 139690766.
2, 69845383
List the prime factors of 2896061148.
2, 3, 149, 179969
What are the prime factors of 999494657?
7, 29, 4923619
What are the prime factors of 175637638?
2, 11, 7983529
What are the prime factors of 770478393?
3, 127, 2022253
What are the prime factors of 330096936?
2, 3, 13, 347, 3049
What are the prime factors of 3754052378?
2, 29, 64725041
List the prime factors of 227127219.
3, 11, 6882643
List the prime factors of 305028165.
3, 5, 13, 577, 2711
List the prime factors of 687558691.
43, 15989737
List the prime factors of 229614627.
3, 11, 6958019
What are the prime factors of 50773130?
2, 5, 19, 267227
List the prime factors of 1679419437.
3, 787, 711317
List the prime factors of 8984883349.
13, 691144873
List the prime factors of 310125579.
3, 103375193
List the prime factors of 55709279.
55709279
What are the prime factors of 6550979320?
2, 5, 8297, 19739
List the prime factors of 101079133.
6547, 15439
List the prime factors of 79271317.
23, 43, 80153
List the prime factors of 1635457033.
7, 73, 521, 6143
What are the prime factors of 321189240?
2, 3, 5, 2676577
What are the prime factors of 67233757?
113, 594989
What are the prime factors of 161573855?
5, 32314771
What are the prime factors of 755042656?
2, 23595083
What are the prime factors of 1380374864?
2, 11, 7843039
What are the prime factors of 81527488?
2, 7, 181981
What are the prime factors of 50470751?
1091, 46261
What are the prime factors of 85792109?
13, 6599393
List the prime factors of 175400962.
2, 11, 7972771
What are the prime factors of 15270374?
2, 7, 61, 17881
What are the prime factors of 39306284?
2, 37, 53, 5011
What are the prime factors of 24563974?
2, 12281987
List the prime factors of 22218773.
311, 71443
List the prime factors of 96081821.
11, 2213, 3947
List the prime factors of 609539018.
2, 11, 43, 281, 2293
List the prime factors of 3746704.
2, 13, 18013
List the prime factors of 439904803.
13, 37, 70351
List the prime factors of 4306213816.
2, 67, 1999, 4019
List the prime factors of 1682136768.
2, 3, 13, 47, 1103
What are the prime factors of 57988277?
57988277
What are the prime factors of 7553307?
3, 41, 61409
List the prime factors of 31293095.
5, 19, 329401
List the prime factors of 83796362.
2, 13, 3222937
What are the prime factors of 301340890?
2, 5, 107, 281627
List the prime factors of 98145247.
653, 150299
List the prime factors of 3230798543.
7, 2689, 171641
List the prime factors of 366901504.
2, 29, 73, 677
List the prime factors of 12551062.
2, 6275531
What are the prime factors of 121837533?
3, 31, 43, 30467
List the prime factors of 55827765.
3, 5, 7, 59077
What are the prime factors of 1197314081?
59, 20293459
What are the prime factors of 1291571388?
2, 3, 35876983
List the prime factors of 134962170.
2, 3, 5, 7, 91811
List the prime factors of 4507061224.
2, 563382653
What are the prime factors of 345638078?
2, 61, 2833099
What are the prime factors of 868002063?
3, 47, 601, 10243
List the prime factors of 1727861902.
2, 13, 557, 119311
What are the prime factors of 1705376989?
1705376989
What are the prime factors of 2819320275?
3, 5, 37590937
List the prime factors of 436424666.
2, 131, 181, 9203
What are the prime factors of 17684237?
439, 40283
What are the prime factors of 2034004410?
2, 3, 5, 1997, 11317
List the prime factors of 329166487.
13, 59, 429161
What are the prime factors of 204939405?
3, 5, 11, 414019
List the prime factors of 1919766084.
2, 3, 159980507
What are the prime factors of 389729597?
43, 1667, 5437
List the prime factors of 34230469.
7, 13, 17, 29, 109
What are the prime factors of 3430250303?
47, 103, 708583
List the prime factors of 835513367.
13, 541, 118799
What are the prime factors of 1025419797?
3, 19, 163, 12263
What are the prime factors of 4353153112?
2, 7, 11, 29, 22153
What are the prime factors of 61570499?
3673, 16763
What are the prime factors of 4148182642?
2, 631, 3286991
List the prime factors of 19320754.
2, 9660377
List the prime factors of 7055997986.
2, 3527998993
What are the prime factors of 133792122?
2, 3, 449, 49663
What are the prime factors of 649925540?
2, 5, 11, 31, 233, 409
What are the prime factors of 18610704?
2, 3, 7, 37, 499
What are the prime factors of 4640164057?
4640164057
What are the prime factors of 3034099915?
5, 7, 11, 29, 331, 821
What are the prime factors of 2760953154?
2, 3, 1699, 270841
List the prime factors of 6720862772.
2, 13, 129247361
What are the prime factors of 308532291?
3, 102844097
What are the prime factors of 3788598913?
11, 4001, 86083
List the prime factors of 1009646945.
5, 337, 601, 997
List the prime factors of 184884205.
5, 11, 1789, 1879
What are the prime factors of 18036494?
2, 7, 29